9.
-4035816
12202122102202 (base 3) to base 12
1038a9b
What is 9e798a (base 15) in base 9?
15215524
What is 312644 (base 8) in base 3?
12021110002
121404240 (base 5) to base 4
2030201102
What is 212211221202 (base 3) in base 11?
2a0776
-4572651 (base 8) to base 13
-34673a
Convert -69794 (base 15) to base 12.
-142427
-133133431 (base 5) to base 15
-d5a7b
Convert -26537351 (base 8) to base 6.
-331244533
1502545 (base 7) to base 6
4202104
-a0aaa (base 11) to base 3
-21111122212
Convert -693937 (base 11) to base 10.
-1103197
What is -1b50332 (base 13) in base 4?
-202202202301
Convert -1819669 (base 13) to base 5.
-4002042323
Convert -260aa (base 12) to base 9.
-78254
-232880c (base 13) to base 4
-221113112213
What is -4305403 (base 6) in base 8?
-634353
What is -6405b0 (base 12) in base 13?
-432915
What is -6542433 (base 7) in base 3?
-1111122222220
What is -3cfe3e (base 16) in base 4?
-33033320332
What is -7255285 (base 9) in base 11?
-2207283
Convert 12441523 (base 8) to base 15.
39a9ec
What is -220010121111221 (base 3) in base 5?
-11240410143
Convert -175b009 (base 13) to base 12.
-2662009
2220123 (base 5) to base 15
b75d
Convert 1262878 (base 11) to base 12.
894720
What is -11a012 (base 11) in base 10?
-189015
Convert -17531411 (base 9) to base 15.
-b930b7
What is -22120132323 (base 4) in base 8?
-12303673
What is -3324030 (base 5) in base 10?
-58015
What is -94633 (base 14) in base 16?
-57635
What is 24ca94 (base 13) in base 3?
1122221222222
10140230121 (base 5) to base 4
213331311233
What is 10111010011100111 (base 2) in base 4?
113103213
Convert 1021412 (base 6) to base 13.
19778
27740 (base 12) to base 4
31111200
-1223531015 (base 6) to base 7
-231345263
Convert -10010010001001100001101 (base 2) to base 6.
-250351153
2361234 (base 7) to base 14
7b78b
14388c (base 15) to base 11
605803
Convert 3204450 (base 6) to base 12.
76726
1a8249a (base 11) to base 16
357176
77436 (base 9) to base 8
144273
85854 (base 9) to base 11
39774
Convert 277376 (base 9) to base 14.
45a6c
What is 1107523 (base 10) in base 7?
12261634
What is 15815 (base 14) in base 16?
d1db
Convert 109653 (base 16) to base 10.
1087059
17ab8c (base 14) to base 11
521495
Convert 150b38 (base 15) to base 10.
1015028
-10111011000111100111 (base 2) to base 3
-1102221100122
Convert 7577001 (base 9) to base 4.
33200300323
-5542255 (base 6) to base 14
-733ab
-38a2a6 (base 11) to base 5
-124121244
-1e4038 (base 15) to base 9
-2707428
4775 (base 16) to base 10
18293
Convert 1bb072 (base 15) to base 9.
2482558
Convert -da9466 (base 16) to base 7.
-232521243
Convert -2a449 (base 14) to base 11.
-71a85
What is -2326634 (base 9) in base 3?
-2100220201011
Convert -10013200 (base 6) to base 13.
-9b448
Convert -1212111020020 (base 3) to base 7.
-11306235
What is -190251 (base 13) in base 3?
-1011221110220
Convert -2244232 (base 6) to base 8.
-340474
Convert e180 (base 16) to base 5.
3321403
Convert 5c0be1 (base 16) to base 7.
102163015
3a7bc (base 16) to base 2
111010011110111100
Convert 12754635 (base 8) to base 15.
3bb73c
-13725334 (base 8) to base 3
-12212201020012
What is -1ecbb (base 15) in base 14?
-28a07
Convert -992329 (base 13) to base 9.
-6702214
Convert -10011100001110110011001 (base 2) to base 16.
-4e1d99
-1000001011101000 (base 2) to base 9
-50865
Convert 1034098 (base 14) to base 13.
178091c
Convert 415102 (base 7) to base 11.
49705
Convert 15125250 (base 6) to base 11.
3292a0
What is -10020132130 (base 4) in base 12?
-442aa4
-13012 (base 4) to base 14
-246
What is 2448138 (base 9) in base 10?
1331270
Convert 10110110010100011000100 (base 2) to base 6.
332014220
What is 42500002 (base 6) in base 4?
10301221202
Convert -91a830 (base 13) to base 11.
-1a086a4
Convert -333052321 (base 6) to base 10.
-6025657
10013213102 (base 4) to base 2
100000111100111010010
Convert -22221021110122 (base 3) to base 13.
-ca37b4
11100001101101010101 (base 2) to base 12
387019
What is 4334161 (base 7) in base 6?
15204124
Convert 3052c (base 16) to base 2.
110000010100101100
What is -11101323201 (base 4) in base 14?
-280609
Convert 14a4687 (base 11) to base 5.
1124141240
-89064 (base 10) to base 15
-1b5c9
What is 10111121002120 (base 3) in base 6?
103524023
-10220102202221 (base 3) to base 7
-23432302
What is -3560116 (base 7) in base 13?
-12a63c
Convert 212020010120 (base 3) to base 15.
906d9
What is -15b5d2 (base 14) in base 8?
-2716644
What is 413202144 (base 5) in base 14?
321517
12232301 (base 4) to base 5
1340234
214043131 (base 5) to base 11
58189a
101000100112102 (base 3) to base 4
110103022100
38a6620 (base 11) to base 12
231b023
What is -48a132a (base 11) in base 12?
-2a30204
-13424213 (base 6) to base 10
-454545
What is -665614 (base 10) in base 8?
-2424016
6336208 (base 9) to base 4
30323221010
Convert -518152 (base 10) to base 16.
-7e808
-10d38e (base 15) to base 16
-c44db
What is 4323b3 (base 13) in base 10?
1575902
What is 1000000100100001001011 (base 2) in base 12?
86040b
Convert 111001101001111010 (base 2) to base 5.
30024104
Convert -24203024 (base 5) to base 8.
-670155
What is 407641 (base 10) in base 16?
63859
-20223504 (base 6) to base 14
-110d44
-204637 (base 8) to base 12
-33427
133233552 (base 6) to base 9
5033755
What is -50c47 (base 14) in base 10?
-194495
-20011011201 (base 3) to base 9
-204151
-554 (base 10) to base 13
-338
21421a (base 14) to base 8
4226120
What is 58318b (base 15) in base 16?
404684
What is -10001000001001 (base 2) in base 12?
-5061
-42274664 (base 8) to base 4
-202113212310
Convert -344b (base 13) to base 11.
-5564
What is 2443111 (base 6) in base 15?
28911
Convert 233201302 (base 4) to base 7.
1440364
What is 12320033030 (base 4) in base 11?
1021864
Convert 395701 (base 11) to base 16.
97f59
What is 472311 (base 9) in base 6?
10030014
Convert -1210534 (base 6) to base 13.
-22cc6
-34207a (base 12) to base 7
-10036354
What is -100301411 (base 5) in base 15?
-7d8c1
What is -3006a (base 12) in base 4?
-33031102
Convert -40701 (base 11) to base 2.
-1110100000010100
What is -101000000111001101111 (base 2) in base 13?
-37037b
Convert c294 (base 13) to base 14.
9abd
What is -101101001010111100 (base 2) in base 8?
-551274
Convert 501370 (base 10) to base 15.
9d84a
430598 (base 12) to base 7
11665430
What is 33145541 (base 6) in base 2?
11110010101011100101
-1010003002 (base 5) to base 15
-2a1e6c
What is -311233211 (base 4) in base 5?
-24021013
What is -69215 (base 12) in base 9?
-233368
-5a4d0 (base 15) to base 8
-1062342
-1520722 (base 9) to base 3
-1120200210202
-146310 (base 11) to base 5
-24243400
What is 50320 (base 16) in base 3?
121200120221
Convert 17921 (base 14) to base 12.
2a475
1102021220000 (base 3) to base 14
158961
Convert -22270 (base 14) to base 10.
-82810
Convert 20233110020 (base 4) to base 14.
438c76
80699 (base 12) to base 5
20314434
Convert -b9120 (base 14) to base 13.
-1288ba
37333 (base 12) to base 6
1334103
771172 (base 8) to base 4
333021322
Convert -292d7 (base 14) to base 4.
-120323131
Convert -14342450 (base 6) to base 5.
-111330203
What is -13756077 (base 8) in base 5?
-1300332300
What is -25790 (base 10) in base 9?
-38335
2044546 (base 8) to base 16
84966
What is 43a4 (base 15) in base 8?
33771
10883250 (base 9) to base 2
10100010000011100100011
-67a478 (base 12) to base 16
-19451c
Convert -63651 (base 14) to base 3.
-110012011222
-2605c (base 13) to base 6
-1301501
-17a769 (base 11) to base 15
-57480
-1000101011110001110 (base 2) to base 4
-1011132032
1200024000 (base 5) to base 13
74a512
What is 288722 (base 11) in base 13?
12a220
Convert -110022101121 (base 3) to base 2.
-111011001010001010
Convert 9819 (base 15) to base 4.
13313013
What is -1040111 (base 5) in base 3?
-220220110
What is 1200153 (base 6) in base 8?
171505
What is -63899 (base 13) in base 9?
-303122
What is -26554363 (base 7) in base 11?
-1424184
467760 (base 11) to base 10
742280
100110010111011011 (base 2) to base 12
76b37
What is -6ac10 (base 13) in base 8?
-575461
Convert 647c08 (base 13) to base 4.
21000001321
What is -1100a9 (base 12) in base 4?
-1001312001
What is -1240 (base 15) in base 11?
-2a12
What is -180a02 (base 11) in base 13?
-9a228
-1002111201212211 (base 3) to base 14
-2123106
What is -532a (base 13) in base 16?
-2d08
Convert -1a177 (base 11) 